 400296.
312
What is the highest common divisor of 7601771 and 44897?
2363
What is the highest common divisor of 16753806 and 1836?
306
What is the greatest common divisor of 60 and 20190180?
60
What is the greatest common factor of 41 and 75556604?
41
Calculate the greatest common divisor of 6342 and 56.
14
What is the greatest common divisor of 64321024 and 13312?
512
Calculate the highest common factor of 3047119 and 2792.
349
Calculate the highest common factor of 78204888 and 384.
24
Calculate the greatest common factor of 177068956 and 8.
4
Calculate the greatest common factor of 3904 and 168740152.
488
What is the greatest common divisor of 18906 and 317814?
138
What is the greatest common factor of 53624 and 7864?
8
What is the greatest common factor of 20994289 and 211?
211
What is the greatest common divisor of 5585 and 20165?
5
Calculate the highest common divisor of 431316 and 48564.
36
What is the highest common divisor of 1960 and 1037080?
40
What is the greatest common divisor of 77 and 895994?
11
What is the highest common divisor of 4320 and 888084?
108
Calculate the highest common divisor of 26888706 and 10881.
351
Calculate the highest common divisor of 35 and 48328665.
35
Calculate the greatest common divisor of 4639664 and 24806.
314
Calculate the greatest common factor of 3021214 and 812.
14
Calculate the highest common factor of 1255 and 1823935.
5
What is the greatest common factor of 331812 and 828?
36
What is the greatest common divisor of 129249788 and 2852?
2852
Calculate the highest common divisor of 1962 and 1870140141.
981
What is the highest common factor of 17248 and 38768114?
1078
What is the highest common divisor of 6259289 and 3266?
1633
What is the greatest common divisor of 948 and 42573969?
237
What is the greatest common divisor of 3613474 and 7526?
142
What is the highest common factor of 286 and 1652068?
22
What is the highest common factor of 56 and 1139088776?
56
Calculate the highest common factor of 1916712 and 1722.
42
What is the highest common factor of 367086 and 220632?
1902
What is the highest common divisor of 11140 and 106180?
20
Calculate the greatest common factor of 507 and 290378842.
169
Calculate the greatest common divisor of 15 and 69650334.
3
What is the greatest common factor of 30800 and 4946400?
400
Calculate the highest common divisor of 32432869 and 14.
7
What is the greatest common factor of 48877906 and 4158?
154
What is the greatest common factor of 226304 and 47008?
416
What is the greatest common factor of 21316480 and 4560?
1520
Calculate the highest common factor of 16 and 10796966.
2
Calculate the highest common factor of 9884 and 5230048.
1412
What is the highest common factor of 33207170 and 230?
230
Calculate the highest common factor of 18955 and 154093.
223
Calculate the highest common divisor of 38363490 and 4455.
1485
Calculate the highest common divisor of 375313 and 623.
89
Calculate the highest common divisor of 860408346 and 147.
147
Calculate the highest common factor of 58 and 33194299.
29
Calculate the highest common factor of 1725732016 and 2822.
2822
Calculate the greatest common divisor of 5925 and 3213483.
237
Calculate the highest common factor of 14751 and 2825636.
1639
What is the highest common factor of 95 and 8591135?
95
What is the greatest common factor of 2934222 and 671?
61
Calculate the highest common divisor of 700 and 562220.
20
What is the greatest common divisor of 1217 and 3720616051?
1217
What is the highest common factor of 1450 and 1547730?
290
What is the greatest common divisor of 6176 and 291623?
193
Calculate the highest common divisor of 1612087245 and 135.
135
Calculate the greatest common divisor of 3198578 and 6102.
226
Calculate the greatest common divisor of 710 and 1849763.
71
What is the greatest common divisor of 703 and 410071?
37
What is the highest common factor of 123205826 and 4?
2
Calculate the highest common factor of 1349 and 3135.
19
What is the highest common factor of 24 and 565137?
3
What is the greatest common factor of 8228 and 27779972?
748
Calculate the highest common factor of 687790683 and 18.
9
Calculate the greatest common factor of 2793 and 774573.
57
Calculate the greatest common divisor of 42800 and 726000.
400
Calculate the greatest common factor of 15456 and 598752.
672
Calculate the highest common factor of 264 and 79191156.
132
What is the greatest common divisor of 32939603 and 316?
79
What is the greatest common divisor of 3883361 and 52258?
493
What is the greatest common factor of 1110593 and 14399?
187
Calculate the highest common factor of 6836 and 662073436.
6836
Calculate the greatest common factor of 613814 and 34162.
1102
What is the highest common divisor of 336519 and 372834?
2421
What is the greatest common factor of 16705550 and 3350?
50
What is the greatest common factor of 128216 and 5807912?
2728
What is the highest common divisor of 152 and 27418056?
8
What is the highest common factor of 2044 and 400691452?
2044
What is the greatest common divisor of 411520 and 3894008?
5144
What is the highest common divisor of 4836 and 1587324?
372
What is the greatest common factor of 162688815 and 3330?
1665
What is the highest common factor of 7162924 and 1900?
76
What is the greatest common factor of 3 and 83333505?
3
What is the greatest common factor of 294689040 and 160?
80
What is the highest common divisor of 3891 and 24726008?
1297
Calculate the greatest common divisor of 10643 and 3407761.
29
Calculate the highest common factor of 503678 and 16142.
14
Calculate the highest common factor of 971003 and 176.
11
What is the greatest common divisor of 106431804 and 124?
124
What is the highest common divisor of 2 and 1084784?
2
Calculate the greatest common factor of 28 and 211237362.
14
Calculate the greatest common factor of 61528846 and 194.
194
What is the greatest common factor of 8631 and 16009?
7
Calculate the greatest common factor of 1304068 and 582.
194
What is the greatest common divisor of 7305181 and 2418?
403
Calculate the highest common divisor of 740632 and 3784.
344
What is the highest common divisor of 132 and 31926378?
66
Calculate the highest common factor of 48097890 and 10980.
5490
What is the highest common divisor of 264418949 and 167?
167
What is the greatest common divisor of 2296875 and 35?
35
Calculate the greatest common factor of 10672 and 531396.
116
Calculate the highest common factor of 1786149717 and 8509.
8509
Calculate the highest common factor of 1146 and 3032698.
382
Calculate the highest common divisor of 40 and 7166440.
40
What is the highest common divisor of 8378216 and 2744?
392
Calculate the highest common divisor of 5141 and 441059.
97
What is the greatest common divisor of 39023093 and 285?
19
Calculate the highest common factor of 92610 and 27594.
378
Calculate the highest common divisor of 2224 and 42574032.
2224
Calculate the highest common factor of 1985 and 19323181.
397
Calculate the highest common divisor of 2177307 and 7722.
297
What is the highest common divisor of 252 and 16399782?
126
What is the highest common factor of 641596 and 108?
4
Calculate the highest common divisor of 2332988 and 18424.
196
What is the highest common divisor of 292890 and 20670?
390
Calculate the highest common divisor of 195759302 and 23.
23
What is the highest common factor of 1848 and 14574714?
462
What is the greatest common factor of 570 and 1258170?
30
What is the greatest common divisor of 120760 and 67180?
20
What is the greatest common factor of 69521909 and 17308?
4327
What is the highest common factor of 40842567 and 18?
9
Calculate the greatest common factor of 1518543 and 819.
117
Calculate the highest common factor of 1969 and 32265108.
179
What is the highest common divisor of 62075 and 1024771345?
12415
Calculate the highest common divisor of 51373537 and 358.
179
Calculate the greatest common divisor of 1364391 and 84.
21
What is the highest common divisor of 24250505 and 5?
5
Calculate the greatest common divisor of 52470 and 132885.
45
Calculate the greatest common factor of 3772768 and 320.
32
Calculate the greatest common divisor of 382968 and 180.
36
What is the highest common divisor of 188 and 20935821?
47
Calculate the hi